+ 40. Suppose 2*h = v + 61. What is the remainder when h is divided by 20?
19
Let h(t) = 17*t**2 - 3*t - 2. What is the remainder when 179 is divided by h(-1)?
17
Let r = -40 - -318. Calculate the remainder when r is divided by 41.
32
Suppose 0 = -2*d - 4*j + 38, 0*d + 3*d + j - 57 = 0. What is the remainder when 112 is divided by d?
17
Let r = 12 + -9. Calculate the remainder when 19 is divided by -1*(r + 0) + 14.
8
Suppose 2*c + 4 = 0, -3*c + 3 = -u - 6*c. Suppose 4*h - 98 = 146. What is the remainder when (h - u) + (-8)/4 is divided by 19?
18
Let s = -902 - -987. Calculate the remainder when s is divided by 32.
21
Let y = 78 + -59. Let p = 198 - y. What is the remainder when p is divided by 15?
14
Let v = 192 + -181. What is the remainder when 62 is divided by v?
7
Suppose -v + 47 = 3*a, 0 = 4*v + 4*a - a - 224. Calculate the remainder when 293 is divided by v.
57
Suppose 8*d - 26 + 2 = 0. Suppose -6*y + 9*y = -d*k + 18, 4*y = 5*k - 3. Suppose 8*f = 3*f + 30. What is the remainder when f is divided by y?
0
Calculate the remainder when 137 is divided by 2712/60 + (-8)/(-10).
45
Suppose -3*a - 13 = -4*a. Let b = -4 + a. What is the remainder when 12 is divided by (-1 - -2)/(b/45)?
2
Let i be 3 - 21/6*2 - 1. Calculate the remainder when 85 is divided by (2/i)/(11/(-605)).
19
Suppose -209*s + 213*s = 184. Suppose 3*m - s = -19. What is the remainder when 20 is divided by m?
2
Suppose 80 = -5*n + 350. Let u = -4 + -94. Calculate the remainder when n is divided by (4/2 - 6)*u/28.
12
Suppose -593 - 45 = -29*x. Let i = -98 + 183. What is the remainder when i is divided by x?
19
Suppose 3*o - 48 = -3*j, o + 11 + 53 = 4*j. Let q = 25 + j. Suppose -y + 0*y + 18 = 4*s, 2*y + 5*s = 33. What is the remainder when q is divided by y?
13
Suppose 20*m - 92 = 16*m. Calculate the remainder when 85 is divided by m.
16
Let q(r) = r**3 - r**2 + 42. Let l be q(0). Let p = l + -21. Let s = 151 + -91. Calculate the remainder when s is divided by p.
18
Let l(s) = -92*s + 52. What is the remainder when l(-3) is divided by 10?
8
Let j(f) = -f + 16. Let l be j(-17). Let c = 67 - l. What is the remainder when 133 is divided by c?
31
Suppose u + 1 = 2. What is the remainder when 1/(-2)*232/(u - 5) is divided by 10?
9
Let n = -6 - -17. Suppose 5*z - 8 = 2*g + 7*z, 3*g - 18 = 3*z. Suppose -q + 42 = -g. Calculate the remainder when q is divided by n.
10
Let q = 72 - 36. Suppose 4*h = 62 + 58. Calculate the remainder when h is divided by q/(-3)*(-4)/6.
6
Suppose 0 = -4*o - 2*j + 16, -21 = -5*o + 2*o + 3*j. Calculate the remainder when 48 is divided by o*(-2 + 0 + 4).
8
Let v(c) = -3*c**3 + 26*c**2 - 34*c - 1. Suppose 3*x - 46 = -16. Calculate the remainder when x is divided by v(7).
4
Suppose -f - 67 = -2*f + 2*m, -5*f + 328 = -3*m. Calculate the remainder when 253 is divided by f.
58
Suppose o + 4*r = 70, 4*r = 5*r + 4. Let q = 430 + -385. What is the remainder when o is divided by q?
41
Let z(t) = -4*t**2 + t - 3. Let y(v) = -13*v**2 + 2*v - 10. Let i(j) = 2*y(j) - 7*z(j). Let f = -23 + 32. Calculate the remainder when f is divided by i(2).
0
Suppose 0 = 4*p - 4*f - 7000, -8747 = -11*p + 6*p + 4*f. What is the remainder when p is divided by 76?
75
Calculate the remainder when (-4)/(-3*(-16)/(-1272)) is divided by 37.
32
Let i = 194 + -183. Calculate the remainder when 107 is divided by i.
8
Suppose -4*l = -2*t - 12 - 24, 4*t = -4*l - 60. Let h(o) = 2*o + 83. What is the remainder when h(t) is divided by 13?
12
Let v be (214/8)/(7/28). Let k = 147 - v. What is the remainder when k is divided by 7?
5
Suppose 0 = -7*f + 10*f + 48. Let c(i) = i**2 + 14*i - 25. Calculate the remainder when 34 is divided by c(f).
6
Let t(j) = -3*j**3 + 19*j**2 + 55*j + 9. What is the remainder when t(-4) is divided by 46?
9
Suppose -4*q + u + 7 = 0, 0 = 2*q - 0*q + 5*u - 31. Let b be (-3 - -2)*(q + -4). What is the remainder when 19 is divided by (4 - (0 + -1))/b?
4
Suppose 2*c - 5*l = 166, -l = 5*c - 2*l - 369. What is the remainder when c is divided by 25?
23
Let b(a) = a**3 + 7*a**2 - 9*a + 9. Let o be b(-8). Let h = o + -5. Calculate the remainder when h is divided by 5.
2
Suppose 0 = -4*n - 2*b - 56, -n - n + b - 28 = 0. Calculate the remainder when (-3375)/(-175) - (-4)/n is divided by 7.
5
What is the remainder when 1 + (-1 - 879)/(-4) is divided by 19?
12
Let c(a) = -a**2 + 10*a + 2. Let h be c(7). Let v = h - 15. Suppose -v*y = -4*y - 72. Calculate the remainder when 70 is divided by y.
16
Suppose 9*f - 87 = 219. Calculate the remainder when f is divided by (-1)/(-2) + 13/2.
6
Suppose 19*h - 108 = 10*h. What is the remainder when 32 is divided by h?
8
Let g(c) = -3*c - 22. Let a be g(-6). Calculate the remainder when 27/1 + (a - -8) is divided by 11.
9
Suppose -4*u - 5*i - 328 = -95, -59 = u + i. Let l = u + 73. What is the remainder when 31 is divided by l?
9
Let i = -241 + 631. Calculate the remainder when i is divided by 28.
26
Calculate the remainder when ((-4)/((-8)/(-6)))/(26/(-156)) is divided by 5.
3
Let g be ((-47)/(-4))/(5/(-20)) - -1. Calculate the remainder when 63 is divided by (-33)/22*g/3.
17
What is the remainder when 70 is divided by (270/(-144))/((-2)/16)?
10
Suppose -2*a = 13*a - 345. Let r(y) = y**3 - 6*y**2 + 3*y - 4. Calculate the remainder when r(7) is divided by a.
20
Suppose -58 + 51 = l + 3*x, -l + 5*x + 49 = 0. Suppose 5*m = 44 + 21. Calculate the remainder when 1*m*(2 + 1) is divided by l.
11
Let w(i) = -4*i**2 + 55*i - 32. Calculate the remainder when 44 is divided by w(13).
2
Suppose -5*q = 0, -q = 4*a - 6*q - 16. Suppose 0 = -80*j + 82*j - 44. Calculate the remainder when j is divided by a.
2
Let x be (1 - 3) + 400/4. Suppose x = 2*l - 0. Let g = l + -24. Calculate the remainder when 48 is divided by g.
23
Let m = -17 - -93. What is the remainder when m is divided by 13?
11
Suppose 0 = -4*j - 16, -5*f + j = -4*j + 70. What is the remainder when (22/4)/((-3)/f) is divided by 18?
15
Let z = 9884 - 6337. Calculate the remainder when z is divided by 21.
19
Let x = 113 - 93. Calculate the remainder when x is divided by 13.
7
Let w(y) = -y**3 + 15*y**2 - 56*y + 25. What is the remainder when 1349 is divided by w(7)?
24
Suppose s - 5*h = 85, s - 255 = -2*s - 4*h. What is the remainder when s is divided by 31?
23
Let k = 82 + -46. Let r(l) = -1 + 5*l**2 - l**2 - 4*l + 3*l. Calculate the remainder when k is divided by r(2).
10
Suppose 0 = -2*l + 4*a + 42 + 72, -4*a - 173 = -3*l. What is the remainder when l is divided by 15?
14
Let v = 18 + -10. Let g(l) be the third derivative of -l**6/60 - l**5/30 + l**4/3 + l**3/2 + 2*l**2. What is the remainder when g(-3) is divided by v?
7
Suppose 3 = n - 15. Suppose 152 = v + n. What is the remainder when v is divided by 34?
32
Suppose 7*s + 250 = -534. Let l be (-8)/36 + s/(-18). Suppose 2*v + l*v - 448 = 0. Calculate the remainder when v is divided by 19.
18
Suppose -20*x + 3 = -37. Let z = -16 - -24. Suppose x*g - 18 = -z. What is the remainder when 19 is divided by g?
4
Let y = 1764 - 1736. Calculate the remainder when y is divided by 12.
4
Suppose -9 = 2*p + p, -3*y + 2*p - 216 = 0. Let h = 106 + y. Calculate the remainder when h is divided by 8.
0
Let v be -6*(-4)/(-2) + -2. Calculate the remainder when 104 is divided by (v/(-8))/(7/140).
34
Let o(f) be the first derivative of -9*f**4/2 + 5*f**2/2 + 4*f - 35. Calculate the remainder when 82 is divided by o(-1).
14
Suppose -10 = -5*h, 2*c - 12 = h - 5*h. Let b(w) = -w + 11. Let z be b(8). Suppose -3 - 12 = -z*r. Calculate the remainder when r is divided by c.
1
Let l be (17/(-4))/(5 + 287/(-56)). Let p = l + 29. Calculate the remainder when p is divided by 14.
7
Suppose -2*j - 2*w + 550 = 270, 2*w = 5*j - 721. Calculate the remainder when j is divided by 80.
63
Let l(x) = x**2 + 14*x - 31. What is the remainder when l(-21) is divided by 53?
10
Let f(w) = -7*w - 26. Let m be f(9). Calculate the remainder when 24 is divided by m/(-7) - 5/(105/(-6)).
11
Let f = -44 - -64. Let n(r) = 55*r - 1. Let a be n(-2). Let j = -32 - a. What is the remainder when j is divided by f?
19
Suppose 8 = 4*c + 4*f, 3*c - 22 = 4*f + 5. Let i(l) = -l**3 + 6*l**2 - 5*l + 6. What is the remainder when 2/(-15) - 9453/(-1035) is divided by i(c)?
3
Let o be (-10)/20 - 89/2. Let g = -29 - o. What 